{"id":1267,"date":"2018-01-25T20:07:39","date_gmt":"2018-01-25T19:07:39","guid":{"rendered":"http:\/\/umjetnicka-skola-osijek.hr\/NoviWeb\/?page_id=1267"},"modified":"2018-01-25T20:45:05","modified_gmt":"2018-01-25T19:45:05","slug":"zanimanja","status":"publish","type":"page","link":"https:\/\/umjetnicka-skola-osijek.hr\/NoviWeb\/zanimanja\/","title":{"rendered":"Zanimanja"},"content":{"rendered":"<h2>ZANIMANJA<\/h2>\n<h4>Ovdje se nalazi opis zanimanja koje nudimo<\/h4>\n<p>Dizajneri osmi\u0161ljavaju, izra\u0111uju i ure\u0111uju \u010dovjekovu okolinu kako bi predmeti u njoj bili \u0161to funkcionalniji, ljep\u0161i i zanimljiviji potro\u0161a\u010dima. Prema onomu \u0161to oblikuju, dijele se na razli\u010dite grane dizajna, ali se njihova djelatnost \u010desto ispreple\u0107e i rijetko se bave samo jednom granom dizajna. Oni su naime zaslu\u017eni za izgled svega \u0161to nas okru\u017euje: od razli\u010dite ambala\u017ee, \u010dasopisa, knjiga, plakata, odje\u0107e i obu\u0107e do ra\u010dunala, automobila, namje\u0161taja i gra\u0111evina. Zbog toga dizajneri moraju biti kreativni i imati razvijenu sposobnost estetske prosudbe. Va\u017eno je da dobrim crtanjem mogu jasno prikazati raznovrsne prostorne odnose te da su ih u stanju s precizno\u0161\u0107u izvesti u razli\u010ditim materijalima. Tako\u0111er je bitno da imaju razvijenu vje\u0161tinu komunikacije.<\/p>\n<p>U sustavu srednjo\u0161kolskog obrazovanja umjetni\u010dke \u0161kole (programi) posebno\u0161\u0107u svojih ciljeva i zadataka predstavljaju izuzetno va\u017ean element bez kojeg je nezamisliv kulturni i gospodarski napredak Republike Hrvatske.\u00a0<br \/>Nova koncepcija nastavnih planova i programa podru\u010dja likovne umjetnosti i dizajna utemeljena je na povijesnom iskustvu hrvatskih \u0161kola (Zagreb i Split) i recentnim europskim dostignu\u0107ima (Milano, Monza, Be\u010d, Hannover i Prag).\u00a0<br \/>Su\u0161tinu programa \u010dine predmeti likovne struke koji su teorijsko-prakti\u010dnog karaktera. Obrazovni proces pretpostavlja put od idejnog projekta do njegovog ostvarenja u materijalu. Zbog toga je nastava u ve\u0107oj mjeri individualizirana, a odvija se u specijaliziranim radionicama (u\u010dionicama), atelijerima, laboratorijima i likovnim praktikumima. Teorijsko-prakti\u010dni rad osigurava u\u010deniku, postupno\u0161\u0107u metoda i sadr\u017eaja, dostizanje visoke razine likovne kulture i usvajanje znanja i vje\u0161tina koje ga osposobljavaju za realizaciju unikatnog dizajna, kao i uklapanje u timski proizvodni proces. Tehni\u010dka (tehnolo\u0161ka) obrada materijala povezuje programe sa zanatskim strukama, ali osnove su znatno \u0161ire i zasnovane na likovnosti.\u00a0<\/p>\n<p>\u0160kolovanje dizajnera temelji se u najve\u0107oj mjeri na likovno-kreativnom potencijalu u\u010denika i razvijanju njegovih sposobnosti koje \u0107e ostvariti u timskom tipu zadatka. Nastavni planovi i programi osiguravaju u\u010denicima \u0161iroko op\u0107e obrazovanje, a da to nije na \u0161tetu temeljnog obrazovanja za pojedina zanimanja.<\/p>\n<p>\t\t\t<a href=\"http:\/\/umjetnicka-skola-osijek.hr\/NoviWeb\/aranzersko-scenografski-dizajner\/\" target=\"_self\"   role=\"button\"><br \/>\n\t\t\t\t\t\t\t\tAran\u017eersko-scenografski dizajner<br \/>\n\t\t<\/a><br \/>\n\t\t\t<a href=\"http:\/\/umjetnicka-skola-osijek.hr\/NoviWeb\/dizajner-odjece\/\" target=\"_self\"   role=\"button\"><br \/>\n\t\t\t\t\t\t\t\tDizajner odje\u0107e<br \/>\n\t\t<\/a><br \/>\n\t\t\t<a href=\"http:\/\/umjetnicka-skola-osijek.hr\/NoviWeb\/dizajner-unutrasnje-arhitekture\/\" target=\"_self\"   role=\"button\"><br \/>\n\t\t\t\t\t\t\t\tDizajner unutra\u0161nje arhitekture<br \/>\n\t\t<\/a><br \/>\n\t\t\t<a href=\"http:\/\/umjetnicka-skola-osijek.hr\/NoviWeb\/graficki-dizajner\/\" target=\"_self\"   role=\"button\"><br \/>\n\t\t\t\t\t\t\t\tGrafi\u010dki dizajner<br \/>\n\t\t<\/a><br \/>\n\t\t\t<a href=\"http:\/\/umjetnicka-skola-osijek.hr\/NoviWeb\/kiparski-dizajner\/\" target=\"_self\"   role=\"button\"><br \/>\n\t\t\t\t\t\t\t\tKiparski dizajner<br \/>\n\t\t<\/a><br \/>\n\t\t\t<a href=\"http:\/\/umjetnicka-skola-osijek.hr\/NoviWeb\/slikarski-dizajner\/\" target=\"_self\"   role=\"button\"><br \/>\n\t\t\t\t\t\t\t\tSlikarski dizajner<br \/>\n\t\t<\/a><\/p>\n<p>Nakon zavr\u0161ene \u010detvrte godine i polo\u017eenog zavr\u0161nog ispita, u\u010denik je stekao vlastito zanimanje potrebito i za samostalan i za timski rad, ali je valjano osposobljen za pra\u0107enje i svladavanje programa na sljede\u0107im fakultetima, akademijama i vi\u0161im \u0161kolama:<\/p>\n<p>~ Akademije likovnih umjetnosti u zemlji i inozemstvu<br \/>~ Arhitektonski fakultet (studij dizajna i studij arhitekture)<br \/>~ Akademija dramske umjetnosti (filmska i TV monta\u017ea, filmsko i TV snimanje, kostimografija, scenografija)\u00a0<br \/>~ Filozofski fakultet (posebice~nastavnik likovnog odgoja ili povijesti umjetnosti)<br \/>~ Vi\u0161a grafi\u010dka \u0161kola<br \/>~ Tekstilno-tehnolo\u0161ki fakultet u Zagrebu (dizajn odje\u0107e, dizajn obu\u0107e, teorija mode, kostimografija i modni menad\u017ement)<strong><br \/><\/strong><\/p>\n<p align=\"justify\"><strong>PROGRAM JE ZA SVE U\u010cENIKE U PRVOJ GODINI ISTI, SVI U\u010cENICI UPISUJU ZANIMANJE: LIKOVNA UMJETNOST I DIZAJN. U DRUGOJ GODINI, NAKON POLO\u017dENOG INTERNOG PRIJAMNOG ISPITA, U\u010cENICI IZABIRU JEDNO OD PONU\u0110ENIH ZANIMANJA (PROGRAMA).<\/strong><\/p>\n<p align=\"justify\">\n<table id=\"tablepress-8\" class=\"tablepress tablepress-id-8\">\n<thead>\n<tr class=\"row-1 odd\">\n\t<th colspan=\"6\" class=\"column-1\">300100 LIKOVNA   \tUMJETNOST I DIZAJN (A)<br\/><br \/>\n                Zajedni\u010dki   \t\tdio <\/th>\n<\/tr>\n<\/thead>\n<tbody class=\"row-hover\">\n<tr class=\"row-2 even\">\n\t<td class=\"column-1\"><div align=\"center\">Redni broj <\/div><\/td><td class=\"column-2\">NASTAVNI PREDMET <\/td><td colspan=\"4\" class=\"column-3\"><div align=\"center\">TJEDNI BROJ SATI <\/div><\/td>\n<\/tr>\n<tr class=\"row-3 odd\">\n\t<td class=\"column-1\"><div align=\"center\">1.R<\/div><\/td><td class=\"column-2\"><div align=\"center\">2.R<\/div><\/td><td class=\"column-3\"><div align=\"center\">3.R<\/div><\/td><td class=\"column-4\"><div align=\"center\">4.R<\/div><\/td><td class=\"column-5\"><\/td><td class=\"column-6\"><\/td>\n<\/tr>\n<tr class=\"row-4 even\">\n\t<td class=\"column-1\"><div align=\"center\">1.<\/div><\/td><td class=\"column-2\">Hrvatski jezik<\/td><td class=\"column-3\"><div align=\"center\">4<\/div><\/td><td class=\"column-4\"><div align=\"center\">4<\/div><\/td><td class=\"column-5\"><div align=\"center\">3<\/div><\/td><td class=\"column-6\"><div align=\"center\">3<\/div><\/td>\n<\/tr>\n<tr class=\"row-5 odd\">\n\t<td class=\"column-1\"><div align=\"center\">2.<\/div><\/td><td class=\"column-2\">Strani jezik<\/td><td class=\"column-3\"><div align=\"center\">3<\/div><\/td><td class=\"column-4\"><div align=\"center\">3 <\/div><\/td><td class=\"column-5\"><div align=\"center\">3 <\/div><\/td><td class=\"column-6\"><div align=\"center\">3 <\/div><\/td>\n<\/tr>\n<tr class=\"row-6 even\">\n\t<td class=\"column-1\"><div align=\"center\">3.<\/div><\/td><td class=\"column-2\">Glazbena umjetnost <\/td><td class=\"column-3\"><div align=\"center\">1<\/div><\/td><td class=\"column-4\"><div align=\"center\">1 <\/div><\/td><td class=\"column-5\"><div align=\"center\">- <\/div><\/td><td class=\"column-6\"><div align=\"center\">- <\/div><\/td>\n<\/tr>\n<tr class=\"row-7 odd\">\n\t<td class=\"column-1\"><div align=\"center\">4.<\/div><\/td><td class=\"column-2\">Povijest <\/td><td class=\"column-3\"><div align=\"center\">2<\/div><\/td><td class=\"column-4\"><div align=\"center\">2 <\/div><\/td><td class=\"column-5\"><div align=\"center\">2 <\/div><\/td><td class=\"column-6\"><div align=\"center\">2* <\/div><\/td>\n<\/tr>\n<tr class=\"row-8 even\">\n\t<td class=\"column-1\"><div align=\"center\">5.<\/div><\/td><td class=\"column-2\">Etika\/Vjeronauk <\/td><td class=\"column-3\"><div align=\"center\">1<\/div><\/td><td class=\"column-4\"><div align=\"center\">1 <\/div><\/td><td class=\"column-5\"><div align=\"center\">1 <\/div><\/td><td class=\"column-6\"><div align=\"center\">1 <\/div><\/td>\n<\/tr>\n<tr class=\"row-9 odd\">\n\t<td class=\"column-1\"><div align=\"center\">6.<\/div><\/td><td class=\"column-2\"> Geografija <\/td><td class=\"column-3\"><div align=\"center\">2<\/div><\/td><td class=\"column-4\"><div align=\"center\">1 <\/div><\/td><td class=\"column-5\"><div align=\"center\">- <\/div><\/td><td class=\"column-6\"><div align=\"center\">- <\/div><\/td>\n<\/tr>\n<tr class=\"row-10 even\">\n\t<td class=\"column-1\"><div align=\"center\">7.<\/div><\/td><td class=\"column-2\"> Tjelesna i zdravstvena kultura <\/td><td class=\"column-3\"><div align=\"center\">2<\/div><\/td><td class=\"column-4\"><div align=\"center\">2 <\/div><\/td><td class=\"column-5\"><div align=\"center\">2 <\/div><\/td><td class=\"column-6\"><div align=\"center\">2 <\/div><\/td>\n<\/tr>\n<tr class=\"row-11 odd\">\n\t<td class=\"column-1\"><div align=\"center\">8.<\/div><\/td><td class=\"column-2\"> Matematika<\/td><td class=\"column-3\"><div align=\"center\">2<\/div><\/td><td class=\"column-4\"><div align=\"center\">2<\/div><\/td><td class=\"column-5\"><div align=\"center\">-<\/div><\/td><td class=\"column-6\"><div align=\"center\">-<\/div><\/td>\n<\/tr>\n<tr class=\"row-12 even\">\n\t<td class=\"column-1\"><div align=\"center\">9.<\/div><\/td><td class=\"column-2\"> Kemija<\/td><td class=\"column-3\"><div align=\"center\">2<\/div><\/td><td class=\"column-4\"><div align=\"center\">-<\/div><\/td><td class=\"column-5\"><div align=\"center\">- <\/div><\/td><td class=\"column-6\"><div align=\"center\">- <\/div><\/td>\n<\/tr>\n<tr class=\"row-13 odd\">\n\t<td colspan=\"2\" class=\"column-1\"><blockquote><br \/>\n                    <p>UKUPNI   \tZAJEDNI\u010cKI DIO <\/p><br \/>\n                <\/blockquote><\/td><td class=\"column-3\"><div align=\"center\">19<\/div><\/td><td class=\"column-4\"><div align=\"center\">16 <\/div><\/td><td class=\"column-5\"><div align=\"center\">11 <\/div><\/td><td class=\"column-6\"><div align=\"center\">11 <\/div><\/td>\n<\/tr>\n<tr class=\"row-14 even\">\n\t<td colspan=\"6\" class=\"column-1\"><div align=\"center\">*u okviru programa povijesti u \u010detvrtom razredu obra\u0111uje se i ustavni ustroj   \tRepublike Hrvatske <\/div><\/td>\n<\/tr>\n<\/tbody>\n<\/table>\n<!-- #tablepress-8 from cache --><\/p>\n<p align=\"justify\">\n<table id=\"tablepress-9\" class=\"tablepress tablepress-id-9\">\n<thead>\n<tr class=\"row-1 odd\">\n\t<th colspan=\"6\" class=\"column-1\">300100 LIKOVNA   \tUMJETNOST I DIZAJN (A)<br\/><br \/>\n                Posebni   \t\tstru\u010dni dio <\/th>\n<\/tr>\n<\/thead>\n<tbody class=\"row-hover\">\n<tr class=\"row-2 even\">\n\t<td class=\"column-1\"> Redni broj <\/td><td class=\"column-2\"> NASTAVNI PREDMET l<\/td><td colspan=\"4\" class=\"column-3\"><div align=\"center\">TJEDNI BROJ   \tSATI <\/div><\/td>\n<\/tr>\n<tr class=\"row-3 odd\">\n\t<td class=\"column-1\"> 1.R<\/td><td class=\"column-2\"> 2.R<\/td><td class=\"column-3\"> 3.R<\/td><td class=\"column-4\"> 4.R<\/td><td class=\"column-5\"><\/td><td class=\"column-6\"><\/td>\n<\/tr>\n<tr class=\"row-4 even\">\n\t<td class=\"column-1\"> 10. <\/td><td class=\"column-2\"> Povijest likovne umjetnosti <\/td><td class=\"column-3\"> 2 <\/td><td colspan=\"3\" class=\"column-4\"><em>Posebni stru\u010dni dio u 2., 3. i 4. razredu <br\/><br \/>\n                razli\u010dit je za svako pojedino zanimanje<\/em><\/td>\n<\/tr>\n<tr class=\"row-5 odd\">\n\t<td class=\"column-1\"> 11. <\/td><td class=\"column-2\"> Tehni\u010dko crtanje <\/td><td class=\"column-3\"> 2 <\/td><td class=\"column-4\"><\/td><td class=\"column-5\"><\/td><td class=\"column-6\"><\/td>\n<\/tr>\n<tr class=\"row-6 even\">\n\t<td class=\"column-1\"> 12. <\/td><td class=\"column-2\"> Pismo <\/td><td class=\"column-3\"> 2 <\/td><td class=\"column-4\"><\/td><td class=\"column-5\"><\/td><td class=\"column-6\"><\/td>\n<\/tr>\n<tr class=\"row-7 odd\">\n\t<td class=\"column-1\"> 13. <\/td><td class=\"column-2\"> Crtanje i slikanje <\/td><td class=\"column-3\"> 5 <\/td><td class=\"column-4\"><\/td><td class=\"column-5\"><\/td><td class=\"column-6\"><\/td>\n<\/tr>\n<tr class=\"row-8 even\">\n\t<td class=\"column-1\"> 14. <\/td><td class=\"column-2\"> Plasti\u010dno oblikovanje <\/td><td class=\"column-3\"> 5 <\/td><td class=\"column-4\"><\/td><td class=\"column-5\"><\/td><td class=\"column-6\"><\/td>\n<\/tr>\n<tr class=\"row-9 odd\">\n\t<td colspan=\"2\" class=\"column-1\"><blockquote><br \/>\n                    <p> UKUPNI STRU\u010cNI DIO <\/p><br \/>\n                <\/blockquote><\/td><td class=\"column-3\"> 16 <\/td><td class=\"column-4\"><\/td><td class=\"column-5\"><\/td><td class=\"column-6\"><\/td>\n<\/tr>\n<tr class=\"row-10 even\">\n\t<td colspan=\"2\" class=\"column-1\"><blockquote><br \/>\n                    <p> SVEUKUPNO <\/p><br \/>\n                <\/blockquote><\/td><td class=\"column-3\"> 35 <\/td><td class=\"column-4\"><\/td><td class=\"column-5\"><\/td><td class=\"column-6\"><\/td>\n<\/tr>\n<\/tbody>\n<\/table>\n<!-- #tablepress-9 from cache --><\/p>\n","protected":false},"excerpt":{"rendered":"<p>ZANIMANJA Ovdje se nalazi opis zanimanja koje nudimo Dizajneri osmi\u0161ljavaju, izra\u0111uju i ure\u0111uju \u010dovjekovu okolinu kako bi predmeti u njoj bili \u0161to funkcionalniji, ljep\u0161i i zanimljiviji potro\u0161a\u010dima. Prema onomu \u0161to oblikuju, dijele se na razli\u010dite grane dizajna, ali se njihova djelatnost \u010desto ispreple\u0107e i rijetko se bave samo jednom granom dizajna. Oni su naime zaslu\u017eni &hellip;<\/p>\n<p class=\"read-more\"> <a class=\"\" href=\"https:\/\/umjetnicka-skola-osijek.hr\/NoviWeb\/zanimanja\/\"> <span class=\"screen-reader-text\">Zanimanja<\/span> Read More &raquo;<\/a><\/p>\n","protected":false},"author":1,"featured_media":0,"parent":0,"menu_order":0,"comment_status":"closed","ping_status":"closed","template":"","meta":{"spay_email":"","footnotes":""},"class_list":["post-1267","page","type-page","status-publish","hentry"],"jetpack_shortlink":"https:\/\/wp.me\/P9yzR9-kr","jetpack_likes_enabled":false,"jetpack-related-posts":[{"id":627,"url":"https:\/\/umjetnicka-skola-osijek.hr\/NoviWeb\/o-skoli\/","url_meta":{"origin":1267,"position":0},"title":"O \u0161koli","date":"6. sije\u010dnja 2018.","format":false,"excerpt":"<h2>O \u0160KOLI<\/h2><h4>Informacije o \u0161koli mo\u017eete prona\u0107i ovdje.<\/h4> \u0160kola primijenjene umjetnosti i dizajna Osijek je jedina \u0161kola u regiji koja nudi srednjo\u0161kolsko \u010detverogodi\u0161nje obrazovanje u podru\u010dju likovne umjetnosti i dizajna te nam se upisuju u\u010denici iz svih pet slavonskih \u017eupanija, a nerijetko i iz drugih dijelova Hrvatske. Zbog brojnih suradnji i\u2026","rel":"","context":"Srodne objave","img":{"alt_text":"","src":"","width":0,"height":0},"classes":[]},{"id":1304,"url":"https:\/\/umjetnicka-skola-osijek.hr\/NoviWeb\/kiparski-dizajner\/","url_meta":{"origin":1267,"position":1},"title":"Kiparski dizajner","date":"25. sije\u010dnja 2018.","format":false,"excerpt":"KIPARSKI DIZAJNER LIKOVNA UMJETNOST I DIZAJN (4 GODINE)\u00a0Prva godina je zajedni\u010dka, u drugoj godini slijedi usmjeravanje. U\u010denici se osposobljavaju za samostalnu izradu dekorativnih i uporabnih umjetni\u010dkih predmeta suvremenog dizajna u reljefu i punoj plastici. Ovladavaju tehnikom obrade drva i kamena te modeliraju u glini. Potrebna stru\u010dna znanja za svladavanje ovog\u2026","rel":"","context":"Srodne objave","img":{"alt_text":"kip09","src":"https:\/\/i0.wp.com\/umjetnicka-skola-osijek.hr\/NoviWeb\/wp-content\/uploads\/2018\/01\/kip09.jpg?resize=350%2C200","width":350,"height":200},"classes":[]},{"id":662,"url":"https:\/\/umjetnicka-skola-osijek.hr\/NoviWeb\/o-skoli\/povijest-skole\/","url_meta":{"origin":1267,"position":2},"title":"Povijest \u0161kole","date":"6. sije\u010dnja 2018.","format":false,"excerpt":"POVIJEST \u0160KOLESaznajte vi\u0161e o na\u0161oj povijesti ovdje. Vremeplov jednog odrastanja Povijesni arhiv u Osijeku bilje\u017ei u \u201eTjedniku \u0161kolskog u\u010diva\u201c iz 1895.\/96. \u0161kolske godine podatak da je te godine osnovana\u00a0 Vi\u0161a pu\u010dka \u0161kola u Osijeku. Po\u010detkom \u0161k. god.1902.\/1903. postojala je u Osijeku \u017denska stru\u010dna \u0161kola za \u0161i\u0107e, za kroja\u010denje, za gla\u0111enje,\u2026","rel":"","context":"Srodne objave","img":{"alt_text":"","src":"","width":0,"height":0},"classes":[]},{"id":1290,"url":"https:\/\/umjetnicka-skola-osijek.hr\/NoviWeb\/dizajner-unutrasnje-arhitekture\/","url_meta":{"origin":1267,"position":3},"title":"Dizajner unutra\u0161nje arhitekture","date":"25. sije\u010dnja 2018.","format":false,"excerpt":"DIZAJNER UNUTRA\u0160NJE ARHITEKTURE LIKOVNA UMJETNOST I DIZAJN (4 GODINE)\u00a0Prva godina je zajedni\u010dka, u drugoj godini slijedi usmjeravanje. U\u010denik se osposobljava za samostalno projektiranje unutra\u0161njeg prostora i dizajn potrebne opreme. Potrebna stru\u010dna znanja za svladavanje ovog zanimanja:\u00a0\u2022crtanje i slikanje\u2022projektiranje interijera: osposobiti u\u010denike za samostalan rad vezan za projektiranje interijera. To zna\u010di\u2026","rel":"","context":"Srodne objave","img":{"alt_text":"arh09","src":"https:\/\/i2.wp.com\/umjetnicka-skola-osijek.hr\/NoviWeb\/wp-content\/uploads\/2018\/01\/arh09.jpg?resize=350%2C200","width":350,"height":200},"classes":[]},{"id":1298,"url":"https:\/\/umjetnicka-skola-osijek.hr\/NoviWeb\/graficki-dizajner\/","url_meta":{"origin":1267,"position":4},"title":"Grafi\u010dki dizajner","date":"25. sije\u010dnja 2018.","format":false,"excerpt":"GRAFI\u010cKI DIZAJNER LIKOVNA UMJETNOST I DIZAJN (4 GODINE)\u00a0Prva godina je zajedni\u010dka, u drugoj godini slijedi usmjeravanje. U\u010denici stje\u010du \u0161iroka likovna saznanja na podru\u010dju grafi\u010dke struke koja im omogu\u0107uju samostalnu likovnu karakterizaciju njihovih grafi\u010dkih kreacija: od grafi\u010dkog dizajna radom u grafi\u010dkim studijima, znanjem uporabe ra\u010dunala, do ilustratorskog rada (knji\u017eni i novinarski\u2026","rel":"","context":"Srodne objave","img":{"alt_text":"graf09","src":"https:\/\/i2.wp.com\/umjetnicka-skola-osijek.hr\/NoviWeb\/wp-content\/uploads\/2018\/01\/graf09.jpg?resize=350%2C200","width":350,"height":200},"classes":[]},{"id":3482,"url":"https:\/\/umjetnicka-skola-osijek.hr\/NoviWeb\/dopunska\/","url_meta":{"origin":1267,"position":5},"title":"Dopunska nastava","date":"20. studenoga 2018.","format":false,"excerpt":"DOPUNSKA NASTAVA Dopunska nastava Organizirana je kao pomo\u0107 u\u010denicima koji se pripremaju za polaganje ispita dr\u017eavne mature. Nastava se odr\u017eava iz nastavnih predmeta Matematike, Hrvatskog jezika i Engleskoga\/Njema\u010dkoga jezika za u\u010denike 4. razreda Hrvatski jezik Voditelj\/ica: Karolina Buljevi\u0107, prof. Broj u\u010denika u aktivnosti:\u00a0 72 iz razreda: \u00a0IV.a,b,c,d Predvi\u0111en broj sati\u2026","rel":"","context":"Srodne objave","img":{"alt_text":"","src":"","width":0,"height":0},"classes":[]}],"jetpack_sharing_enabled":true,"_links":{"self":[{"href":"https:\/\/umjetnicka-skola-osijek.hr\/NoviWeb\/wp-json\/wp\/v2\/pages\/1267","targetHints":{"allow":["GET"]}}],"collection":[{"href":"https:\/\/umjetnicka-skola-osijek.hr\/NoviWeb\/wp-json\/wp\/v2\/pages"}],"about":[{"href":"https:\/\/umjetnicka-skola-osijek.hr\/NoviWeb\/wp-json\/wp\/v2\/types\/page"}],"author":[{"embeddable":true,"href":"https:\/\/umjetnicka-skola-osijek.hr\/NoviWeb\/wp-json\/wp\/v2\/users\/1"}],"replies":[{"embeddable":true,"href":"https:\/\/umjetnicka-skola-osijek.hr\/NoviWeb\/wp-json\/wp\/v2\/comments?post=1267"}],"version-history":[{"count":3,"href":"https:\/\/umjetnicka-skola-osijek.hr\/NoviWeb\/wp-json\/wp\/v2\/pages\/1267\/revisions"}],"predecessor-version":[{"id":1311,"href":"https:\/\/umjetnicka-skola-osijek.hr\/NoviWeb\/wp-json\/wp\/v2\/pages\/1267\/revisions\/1311"}],"wp:attachment":[{"href":"https:\/\/umjetnicka-skola-osijek.hr\/NoviWeb\/wp-json\/wp\/v2\/media?parent=1267"}],"curies":[{"name":"wp","href":"https:\/\/api.w.org\/{rel}","templated":true}]}}