{"id":3482,"date":"2018-11-20T16:12:57","date_gmt":"2018-11-20T15:12:57","guid":{"rendered":"http:\/\/umjetnicka-skola-osijek.hr\/NoviWeb\/?page_id=3482"},"modified":"2019-01-28T16:44:36","modified_gmt":"2019-01-28T15:44:36","slug":"dopunska","status":"publish","type":"page","link":"https:\/\/umjetnicka-skola-osijek.hr\/NoviWeb\/dopunska\/","title":{"rendered":"Dopunska nastava"},"content":{"rendered":"\n\t\t<h2>DOPUNSKA NASTAVA<\/h2>\t\t\t\n\t\t\t<h3>Dopunska nastava<\/h3>\t\t\t\n\t\t\t\tOrganizirana je kao pomo\u0107 u\u010denicima koji se pripremaju za polaganje ispita dr\u017eavne mature. Nastava se odr\u017eava iz nastavnih predmeta Matematike, Hrvatskog jezika i Engleskoga\/Njema\u010dkoga jezika za u\u010denike 4. razreda\n\t\t\t<h3>Hrvatski jezik<\/h3>\t\t\t\n\t\t\t\t<p><strong>Voditelj\/ica:<\/strong> Karolina Buljevi\u0107, prof.<\/p>\n<p><strong>Broj u\u010denika u aktivnosti:<\/strong>\u00a0 72 <strong>iz razreda:<\/strong> \u00a0IV.a,b,c,d<\/p>\n<p><strong>Predvi\u0111en broj sati tjedno:\u00a0<\/strong>\u00a0\u00a0 2\u00a0\u00a0\u00a0\u00a0\u00a0\u00a0<strong> ukupno:<\/strong> 64<\/p>\n<p><strong>Mjesto izvo\u0111enja aktivnosti:<\/strong> u\u010dionica.<\/p>\n<p><strong>O\u010dekivani rezultati (ciljevi) rada dopunske nastave:<br \/><\/strong>Pripremiti u\u010denike za uspje\u0161no polaganje Ispita dr\u017eavne mature iz Hrvatskog jezika. Usvajanje i utvr\u0111ivanje gradiva predvi\u0111enog nastavnim planom i programom (od 1.do 4. razreda). Pripremanje u\u010denika za pisanje eseja (osposobljavanje za pisanje prema zadanoj temi i prema pravilima koja vrijede za esej); osposobiti u\u010denike za primjenu odgovaraju\u0107ih gramati\u010dkih, pravopisnih i stilskih pravila; vje\u017ebanje gramatike i usvajanje knji\u017eevnih i knji\u017eno-teorijskih pojmova. Vje\u017ebanje nau\u010denog gradiva i upu\u0107ivanje u\u010denika kako savladati pote\u0161ko\u0107e u u\u010denju i primijeniti nau\u010deno.<\/p>\n<p><strong>Namjena dopunske nastave:<br \/><\/strong>Povezivanje redovne nastave s dopunskom nastavom Hrvatskoga jezika u svrhu pro\u0161irivanja i prilago\u0111avanja sadr\u017eaja ispitima dr\u017eavne mature. Poticanje u\u010denika na dodatni rad i izvan redovitoga programa.<\/p>\n<p><strong>Nositelji dopunske nastave i njihova odgovornost:<br \/><\/strong>Nastavnik Hrvatskoga jezika; pra\u0107enje rada u\u010denika i njihovih postignu\u0107a; vrjednovanje; individualan rad s u\u010denicima i pomaganje pri u\u010denju.<\/p>\n<p><strong>Na\u010din realizacije dopunske nastave:<br \/><\/strong>Program se realizira kroz satove dopunske nastave (2 sata tjedno), uz uporabu svih aktivnih oblika i metoda rada.<\/p>\n<p><strong>Vremenik:<\/strong> <br \/>Nastava se izvodi dva sata tjedno tijekom cijele \u0161kolske godine.<\/p>\n<p><strong>Tro\u0161kovnik:<\/strong> <br \/>Tro\u0161kovi kopiranja testova i ostaloga radnoga materijala za u\u010denike.<\/p>\n<p><strong>Na\u010din vrjednovanja i kori\u0161tenja rezultata vrjednovanja:<\/strong><\/p>\n<p>Razgovori s u\u010denicima, ankete. Znanje provjeravati pisanim uradcima radi pobolj\u0161anja rada i pra\u0107enja napretka u\u010denika.<\/p>\n\t\t\t<h3>Matematika<\/h3>\t\t\t\n\t\t\t\t<p><strong>Voditelj\/ica:<\/strong>\u00a0 Irma Cigonji<\/p>\n<p><strong>Broj u\u010denika u aktivnosti:<\/strong>\u00a0\u00a0\u00a0 72 \u00a0\u00a0\u00a0<strong>\u00a0\u00a0iz razreda:<\/strong> IV.a,b,c,d<\/p>\n<p><strong>Predvi\u0111en broj sati tjedno:<\/strong>\u00a0\u00a0\u00a0 2 \u00a0; <strong>\u00a0ukupno:<\/strong> 64<\/p>\n<p><strong>Mjesto izvo\u0111enja aktivnosti:<\/strong>\u00a0 <br \/>\u0160kola primijenjene umjetnosti i dizajna Osijek<\/p>\n<p><strong>O\u010dekivani rezultati (ciljevi) rada dopunske nastave:<br \/><\/strong>\u00a0Stjecanje sposobnosti i znanja za rje\u0161avanje zadataka na ispitima dr\u017eavne mature.<\/p>\n<p><strong>Namjena dopunske nastave:\u00a0<br \/><\/strong>Priprema u\u010denika za uspje\u0161no polaganje ispita dr\u017eavne mature.<\/p>\n<p><strong>Nositelji dopunske nastave i njihova odgovornost:<br \/><\/strong>Profesor Matematike i u\u010denici koji \u017eele poha\u0111ati dopunsku nastavu.<\/p>\n<p><strong>Na\u010din realizacije dopunske nastave:<br \/><\/strong>U skupini putem predavanja, vje\u017ebi i rje\u0161avanja zadataka sa ispita dr\u017eavne mature.<\/p>\n<p><strong>Na\u010din vrjednovanja i na\u010din kori\u0161tenja rezultata vrjednovanja:<br \/><\/strong>U\u010denik dobiva povratnu informaciju o svom znanju brojem ostvarenih bodova u probnim testovima bez ocjene, zadaci objektivnog tipa, evaluacijski listi\u0107i, rezultati ispita dr\u017eavne mature. Profesori matematike \u0107e provesti probnu dr\u017eavnu maturu (o\u017eujak\/travanj 2019.)<\/p>\n\t\t\t<h3>Engleski jezik<\/h3>\t\t\t\n\t\t\t\t<p><strong>Voditelj\/ica:<\/strong> Milan Ivani\u0107, prof.<\/p>\n<p><strong>Broj u\u010denika u aktivnosti:<\/strong>\u00a0\u00a0 70\u00a0 <strong>iz razreda:<\/strong> IV.<\/p>\n<p><strong>Predvi\u0111en broj sati tjedno:<\/strong>\u00a0\u00a0\u00a0\u00a0\u00a0 2\u00a0\u00a0\u00a0\u00a0\u00a0\u00a0\u00a0\u00a0 <strong>ukupno:<\/strong> 64<\/p>\n<p><strong>Mjesto izvo\u0111enja aktivnosti:<\/strong> u\u010dionica<\/p>\n<p><strong>O\u010dekivani rezultati (ciljevi)\u00a0 rada dopunske nastave:<br \/><\/strong>Pripremiti u\u010denike za \u0161to uspje\u0161nije polaganje dr\u017eavne mature ( osnovna i vi\u0161a razina ), osposobiti u\u010denike za razvijanje jezi\u010dnih vje\u0161tina a naro\u010dito vje\u0161tine slu\u0161anja i pisanja koje su prioritetne na dr\u017eavnoj maturi. Kod u\u010denika treba razviti sposobnost pismenog izra\u017eavanja prema zadanoj temi, razli\u010dite \u017eivotne situacije, a prije svega u\u010denike treba osposobiti za pravilnu primjenu gramati\u010dkih pravila odnosno pravilnu upotrebu glagolskih vremena i ostalih gramati\u010dkih struktura.<\/p>\n<p><strong>Namjena dopunske nastave:<br \/><\/strong>Povezati redovnu i dopunsku nastavu; pro\u0161iriti sadr\u017eaje Engleskog jezika na teme bitnije za polaganje dr\u017eavne mature. Raditi na sadr\u017eajima koji \u0107e nam olak\u0161ati polaganje zavr\u0161nog ispita.<\/p>\n<p><strong>Nositelji dopunske nastave i njihova odgovornost:<br \/><\/strong>Nastavnik engleskog jezika; pra\u0107enje rada u\u010denika i njihovog napredovanja, vi\u0161e individualnog rada s u\u010denicima kojima je to potrebno.<\/p>\n<p><strong>Na\u010din realizacije dopunske nastave:<br \/><\/strong>Program se realizira kroz sate predvi\u0111ene za dopunsku nastavu (2 sata tjedno ), kao i uz upotrebu svih oblika i metoda rada koji se primjenjuju u redovnoj nastavi.<\/p>\n<p><strong>Nastavne predmete\/profesore s kojima se planirana suradnja te na\u010din suradnje:<br \/><\/strong>Profesori aktiva stranih jezika.<\/p>\n<p><strong>Na\u010din vrjednovanja i na\u010din kori\u0161tenja rezultata vrjednovanja:<br \/><\/strong>Individualno pra\u0107enje napredovanja u\u010denika, upu\u0107ivanje na po\u010dinjene pogre\u0161ke u radu i ispravljanje istih. Pratiti motiviranost u\u010denika, vrjednovati njihovo postignu\u0107a, omogu\u0107iti im da sami vrjednuju svoj rad.<\/p>\n\t\t\t<h3>Njema\u010dki jezik<\/h3>\t\t\t\n\t\t\t\t<p><strong>Voditelj\/ica:<\/strong> Marina Alegi\u0107, prof.<\/p>\n<p><strong>Broj u\u010denika u aktivnosti:<\/strong> 2,<strong> iz razreda:<\/strong> IV.a i d<\/p>\n<p><strong>Predvi\u0111en broj sati tjedno:<\/strong> 2; <strong>ukupno.:<\/strong> 64<\/p>\n<p><strong>Mjesto izvo\u0111enja aktivnosti:<\/strong> u\u010dionica<\/p>\n<p><strong>O\u010dekivani rezultati (ciljevi)\u00a0 rada dopunske nastave:<br \/><\/strong>Pripremiti u\u010denike za uspje\u0161no polaganje ispita dr\u017eavne mature iz Njema\u010dkoga jezika (osnovna i vi\u0161a razina). Razvijanje sposobnosti razumijevanja teksta \u010ditanjem (globalno, selektivno i detaljno razumijevanje teksta); Pripremanje u\u010denika za ispitnu cjelinu pisanja(osposobljavanje za pisanje prema zadanoj temi i prema pravilima koja vrijede za pojedine tekstne vrste); Osposobljavanje u\u010denika za primjenu odgovaraju\u0107ih gramati\u010dkih, pravopisnih i stilskih pravila; vje\u017ebanje gramatike i uporabe vokabulara.<\/p>\n<p><strong>Namjena dopunske nastave\/ programa\/:<br \/><\/strong>Povezivanje redovite nastave s dopunskom nastavom Njema\u010dkoga jezika u svrhu pro\u0161irivanja i prilago\u0111avanja sadr\u017eaja ispitima dr\u017eavne mature.\u00a0<\/p>\n<p><strong>Nositelji dopunske nastave\/ programa\/ i njihova odgovornost:<br \/><\/strong>Nastavnik Njema\u010dkoga jezika; pra\u0107enje rada u\u010denika i njihovih postignu\u0107a; vrjednovanje; individualan rad s u\u010denicima i pomaganje pri u\u010denju.<\/p>\n<p><strong>Na\u010din realizacije dopunske nastave\/ programa\/:<br \/><\/strong>Program se realizira kroz satove dopunske nastave (2 sata tjedno), uz uporabu svih aktivnih oblika i metoda rada.<\/p>\n","protected":false},"excerpt":{"rendered":"","protected":false},"author":5,"featured_media":0,"parent":0,"menu_order":0,"comment_status":"closed","ping_status":"closed","template":"","meta":{"spay_email":"","footnotes":""},"class_list":["post-3482","page","type-page","status-publish","hentry"],"jetpack_shortlink":"https:\/\/wp.me\/P9yzR9-Ua","jetpack_likes_enabled":false,"jetpack-related-posts":[{"id":3474,"url":"https:\/\/umjetnicka-skola-osijek.hr\/NoviWeb\/bend\/","url_meta":{"origin":3482,"position":0},"title":"\u0160kolski bend","date":"20. studenoga 2018.","format":false,"excerpt":"<h2>GLAZBENI BONUS<\/h2> <strong>NAZIV DODATNE NASTAVE:\u00a0<\/strong>\u00a0\u00a0\u00a0\u00a0\u00a0 Glazbeni bonus\u00a0 BROJ SATI (tjedno\/godi\u0161nje): 2\/70 \u00a0IME I PREZIME NASTAVNIKA:\u00a0\u00a0\u00a0\u00a0\u00a0\u00a0 Ozana Tomi\u0107 \u00a0RAZRED\/SKUPINA: I, II, III, IV \u00a0BROJ U\u010cENIKA: 10 CILJ DODATNE NASTAVE: Dodatna nastava organizira se za u\u010denike koji pokazuju izrazito zanimanje za predmet te posjeduju mogu\u0107nosti koje se mogu jo\u0161 vi\u0161e razviti intenzivnim\u2026","rel":"","context":"Srodne objave","img":{"alt_text":"","src":"","width":0,"height":0},"classes":[]},{"id":3471,"url":"https:\/\/umjetnicka-skola-osijek.hr\/NoviWeb\/dodatna-nastava\/","url_meta":{"origin":3482,"position":1},"title":"Dodatna nastava","date":"20. studenoga 2018.","format":false,"excerpt":"DODATNA NASTAVA Dodatna nastava Dodatnu nastavu je mogu\u0107e organizirati, npr. iz stranoga jezika ili nekog drugog podru\u010dja, ukoliko u\u010denici iska\u017eu interes. Takav je oblik nastave po\u017eeljan za\u00a0 stjecanje i usvajanje dodatnih znanja i vje\u0161tina. U \u0161koli trenutno imamo dodatnu nastavu iz: Strip grupa Maketarstvo Glazbeni bonus","rel":"","context":"Srodne objave","img":{"alt_text":"","src":"","width":0,"height":0},"classes":[]},{"id":627,"url":"https:\/\/umjetnicka-skola-osijek.hr\/NoviWeb\/o-skoli\/","url_meta":{"origin":3482,"position":2},"title":"O \u0161koli","date":"6. sije\u010dnja 2018.","format":false,"excerpt":"<h2>O \u0160KOLI<\/h2><h4>Informacije o \u0161koli mo\u017eete prona\u0107i ovdje.<\/h4> \u0160kola primijenjene umjetnosti i dizajna Osijek je jedina \u0161kola u regiji koja nudi srednjo\u0161kolsko \u010detverogodi\u0161nje obrazovanje u podru\u010dju likovne umjetnosti i dizajna te nam se upisuju u\u010denici iz svih pet slavonskih \u017eupanija, a nerijetko i iz drugih dijelova Hrvatske. Zbog brojnih suradnji i\u2026","rel":"","context":"Srodne objave","img":{"alt_text":"","src":"","width":0,"height":0},"classes":[]},{"id":1267,"url":"https:\/\/umjetnicka-skola-osijek.hr\/NoviWeb\/zanimanja\/","url_meta":{"origin":3482,"position":3},"title":"Zanimanja","date":"25. sije\u010dnja 2018.","format":false,"excerpt":"ZANIMANJAOvdje se nalazi opis zanimanja koje nudimo Dizajneri osmi\u0161ljavaju, izra\u0111uju i ure\u0111uju \u010dovjekovu okolinu kako bi predmeti u njoj bili \u0161to funkcionalniji, ljep\u0161i i zanimljiviji potro\u0161a\u010dima. Prema onomu \u0161to oblikuju, dijele se na razli\u010dite grane dizajna, ali se njihova djelatnost \u010desto ispreple\u0107e i rijetko se bave samo jednom granom dizajna.\u2026","rel":"","context":"Srodne objave","img":{"alt_text":"","src":"","width":0,"height":0},"classes":[]},{"id":331,"url":"https:\/\/umjetnicka-skola-osijek.hr\/NoviWeb\/erasmus\/","url_meta":{"origin":3482,"position":4},"title":"Erasmus","date":"3. sije\u010dnja 2018.","format":false,"excerpt":"Na\u0161a \u0161kola se uklju\u010dila u provedbu europskog projekta Erasmus+ UMJETNICI ZA UMJETNI\u010cKO OBRAZOVANJE 3 Kroz projekt omogu\u0107it \u0107e se u\u010denicima tih \u0161kola usmjerenja\u00a0slikarski ili kiparski dizajner\u00a0stru\u010dno usavr\u0161avanje u Sloveniji (Maribor)\u00a0u\u00a0trajanju 14 dana\u00a0u obliku\u00a0radnog iskustva\u00a0sa stranim umjetnikom u njegovom ateljeu (oko 2 u\u010denika istovremeno kod 1 mentora) i\u00a0kulturolo\u0161kog programa\u00a0u Mariboru. Mobilnost\u2026","rel":"","context":"Srodne objave","img":{"alt_text":"","src":"","width":0,"height":0},"classes":[]},{"id":3534,"url":"https:\/\/umjetnicka-skola-osijek.hr\/NoviWeb\/fakultativna\/","url_meta":{"origin":3482,"position":5},"title":"Fakultativna nastava","date":"26. studenoga 2018.","format":false,"excerpt":"FILOZOFIJA Fakultativna nastava Nastava \u0107e se izvoditi iz predmeta Filozofija (4. razredi). Na fakultativnoj nastavi u\u010denici \u0107e imati mogu\u0107nosti nau\u010diti i do\u017eivjeti nove sadr\u017eaje, pro\u0161iriti svoja znanja i upoznati nove kulture, obi\u010daje i vrijednosti te usavr\u0161iti potrebne vje\u0161tini za nastavak obrazovanja i cjelo\u017eivotnog u\u010denja. U \u0161koli trenutno imamo sljede\u0107u fakultativnu\u2026","rel":"","context":"Srodne objave","img":{"alt_text":"","src":"","width":0,"height":0},"classes":[]}],"jetpack_sharing_enabled":true,"_links":{"self":[{"href":"https:\/\/umjetnicka-skola-osijek.hr\/NoviWeb\/wp-json\/wp\/v2\/pages\/3482","targetHints":{"allow":["GET"]}}],"collection":[{"href":"https:\/\/umjetnicka-skola-osijek.hr\/NoviWeb\/wp-json\/wp\/v2\/pages"}],"about":[{"href":"https:\/\/umjetnicka-skola-osijek.hr\/NoviWeb\/wp-json\/wp\/v2\/types\/page"}],"author":[{"embeddable":true,"href":"https:\/\/umjetnicka-skola-osijek.hr\/NoviWeb\/wp-json\/wp\/v2\/users\/5"}],"replies":[{"embeddable":true,"href":"https:\/\/umjetnicka-skola-osijek.hr\/NoviWeb\/wp-json\/wp\/v2\/comments?post=3482"}],"version-history":[{"count":4,"href":"https:\/\/umjetnicka-skola-osijek.hr\/NoviWeb\/wp-json\/wp\/v2\/pages\/3482\/revisions"}],"predecessor-version":[{"id":3587,"href":"https:\/\/umjetnicka-skola-osijek.hr\/NoviWeb\/wp-json\/wp\/v2\/pages\/3482\/revisions\/3587"}],"wp:attachment":[{"href":"https:\/\/umjetnicka-skola-osijek.hr\/NoviWeb\/wp-json\/wp\/v2\/media?parent=3482"}],"curies":[{"name":"wp","href":"https:\/\/api.w.org\/{rel}","templated":true}]}}